{"id":11814,"date":"2018-11-06T23:56:11","date_gmt":"2018-11-06T23:56:11","guid":{"rendered":"http:\/\/www.inversionreality.de\/?page_id=11814"},"modified":"2019-01-21T02:36:46","modified_gmt":"2019-01-21T01:36:46","slug":"entsorgung","status":"publish","type":"page","link":"https:\/\/entsorgung.swissrenovation.gmbh\/?page_id=11814","title":{"rendered":"Entsorgung"},"content":{"rendered":"<p><div class=\"fusion-bg-parallax\" data-bg-align=\"center center\" data-direction=\"down\" data-mute=\"false\" data-opacity=\"100\" data-velocity=\"-0.5\" data-mobile-enabled=\"true\" data-break_parents=\"0\" data-bg-image=\"https:\/\/entsorgung.swissrenovation.gmbh\/wp-content\/uploads\/2014\/06\/page_bkgd8-1.jpg\" data-bg-repeat=\"false\" data-bg-color=\"rgba(247,247,247,0.7)\" data-blend-mode=\"overlay\" ><\/div><div class=\"fusion-fullwidth fullwidth-box fusion-builder-row-1 fusion-parallax-down nonhundred-percent-fullwidth non-hundred-percent-height-scrolling\" style=\"--awb-background-blend-mode:overlay;--awb-border-radius-top-left:0px;--awb-border-radius-top-right:0px;--awb-border-radius-bottom-right:0px;--awb-border-radius-bottom-left:0px;--awb-padding-left:15px;--awb-background-color:rgba(247,247,247,0.7);--awb-background-image:url(&quot;https:\/\/entsorgung.swissrenovation.gmbh\/wp-content\/uploads\/2014\/06\/page_bkgd8-1.jpg&quot;);--awb-background-size:cover;--awb-flex-wrap:wrap;\" ><div class=\"fusion-builder-row fusion-row\"><div class=\"fusion-layout-column fusion_builder_column fusion-builder-column-0 fusion_builder_column_2_3 2_3 fusion-two-third fusion-column-first\" style=\"--awb-padding-top:15px;--awb-padding-right:15px;--awb-padding-bottom:15px;--awb-padding-left:15px;--awb-bg-color:rgba(242,242,242,0.4);--awb-bg-color-hover:rgba(242,242,242,0.4);--awb-bg-size:cover;--awb-margin-top:15px;--awb-margin-bottom:15px;width:66.666666666667%;width:calc(66.666666666667% - ( ( 4% ) * 0.66666666666667 ) );margin-right: 4%;\"><div class=\"fusion-column-wrapper fusion-flex-column-wrapper-legacy\"><div class=\"fusion-text fusion-text-1\"><h3><strong>Eine Haushaltsaufl\u00f6sung sollte gut geplant sein. Wenn alle pers\u00f6nlichen Dinge geregelt sind und Ihnen klar ist was entsorgt werden muss, treten wir f\u00fcr Sie in Aktion.<\/strong><br \/>\n<strong>Gerne besichtigen wir zuerst Ihr Haus, Wohnung oder Ihr Gesch\u00e4ft. W\u00e4hrend der Besichtigung sehen wir und alles genauer an und k\u00f6nnen entscheiden, was zum Weiterverwenden ist und was entsorgt werden muss. Wenn die wieder verk\u00e4uflichen Gegenst\u00e4nde unsere Kosten decken, kann dies zu einer Gratisr\u00e4umung f\u00fchren. Ansonsten wird der Verkaufswert von dem R\u00e4umungsbetrag abgezogen.<\/strong><br \/>\n<strong>Swiss Entsorgung demontiert selbstverst\u00e4ndlich Ihre M\u00f6bel, Lampen, Vorhangschienen und nach Ihrem Wunsch s\u00e4mtliche weitere Gegenst\u00e4nde. Wir nehmen auch ihre Einzelware entgegen. Der Abfall wird entsprechend den gesetzlichen Vorschriften der Entsorgung zugef\u00fchrt. Die R\u00e4ume werden schlussendlich besenrein hinterlassen.<\/strong><\/h3>\n<\/div><div class=\"fusion-clearfix\"><\/div><\/div><\/div><div class=\"fusion-layout-column fusion_builder_column fusion-builder-column-1 fusion_builder_column_1_3 1_3 fusion-one-third fusion-column-last\" style=\"--awb-padding-top:15px;--awb-padding-right:15px;--awb-padding-bottom:15px;--awb-padding-left:25px;--awb-bg-color:rgba(0,0,0,0);--awb-bg-color-hover:rgba(0,0,0,0);--awb-bg-size:cover;--awb-margin-top:50px;--awb-margin-bottom:15px;width:33.333333333333%;width:calc(33.333333333333% - ( ( 4% ) * 0.33333333333333 ) );\"><div class=\"fusion-column-wrapper fusion-flex-column-wrapper-legacy\"><div class=\"fusion-image-element fusion-image-align-left in-legacy-container\" style=\"text-align:left;--awb-caption-title-font-family:var(--h2_typography-font-family);--awb-caption-title-font-weight:var(--h2_typography-font-weight);--awb-caption-title-font-style:var(--h2_typography-font-style);--awb-caption-title-size:var(--h2_typography-font-size);--awb-caption-title-transform:var(--h2_typography-text-transform);--awb-caption-title-line-height:var(--h2_typography-line-height);--awb-caption-title-letter-spacing:var(--h2_typography-letter-spacing);\"><span class=\" fusion-imageframe imageframe-none imageframe-1 hover-type-none fusion-animated\" style=\"margin-right:25px;float:left;\" data-animationType=\"slideInRight\" data-animationDuration=\"0.7\" data-animationOffset=\"top-into-view\"><img decoding=\"async\" width=\"400\" height=\"400\" alt=\"swiss-reinigung-logo\" title=\"SwissReinigung-cr400\" src=\"https:\/\/entsorgung.swissrenovation.gmbh\/wp-content\/uploads\/2018\/12\/SwissReinigung-cr400-1-1.png\" class=\"img-responsive wp-image-12297\" srcset=\"https:\/\/entsorgung.swissrenovation.gmbh\/wp-content\/uploads\/2018\/12\/SwissReinigung-cr400-1-1-200x200.png 200w, https:\/\/entsorgung.swissrenovation.gmbh\/wp-content\/uploads\/2018\/12\/SwissReinigung-cr400-1-1.png 400w\" sizes=\"(max-width: 800px) 100vw, 400px\" \/><\/span><\/div><div class=\"fusion-clearfix\"><\/div><\/div><\/div><\/div><\/div><div class=\"fusion-fullwidth fullwidth-box fusion-builder-row-2 nonhundred-percent-fullwidth non-hundred-percent-height-scrolling\" style=\"--awb-border-radius-top-left:0px;--awb-border-radius-top-right:0px;--awb-border-radius-bottom-right:0px;--awb-border-radius-bottom-left:0px;--awb-padding-top:25px;--awb-padding-right:25px;--awb-padding-bottom:25px;--awb-padding-left:25px;--awb-margin-top:0px;--awb-margin-bottom:0px;--awb-background-color:rgba(255,255,255,0);--awb-flex-wrap:wrap;\" ><div class=\"fusion-builder-row fusion-row\"><div class=\"fusion-layout-column fusion_builder_column fusion-builder-column-2 fusion_builder_column_1_1 1_1 fusion-one-full fusion-column-first fusion-column-last\" style=\"--awb-padding-top:10px;--awb-padding-bottom:10px;--awb-bg-size:cover;--awb-margin-top:15px;--awb-margin-bottom:15px;\"><div class=\"fusion-column-wrapper fusion-flex-column-wrapper-legacy\"><div class=\"fusion-image-element fusion-image-align-center in-legacy-container\" style=\"text-align:center;--awb-caption-title-font-family:var(--h2_typography-font-family);--awb-caption-title-font-weight:var(--h2_typography-font-weight);--awb-caption-title-font-style:var(--h2_typography-font-style);--awb-caption-title-size:var(--h2_typography-font-size);--awb-caption-title-transform:var(--h2_typography-text-transform);--awb-caption-title-line-height:var(--h2_typography-line-height);--awb-caption-title-letter-spacing:var(--h2_typography-letter-spacing);\"><div class=\"imageframe-align-center\"><span class=\" fusion-imageframe imageframe-none imageframe-2 hover-type-none\"><img decoding=\"async\" width=\"1200\" height=\"13\" title=\"swiss-entsorgung-sprator\" src=\"https:\/\/entsorgung.swissrenovation.gmbh\/wp-content\/uploads\/2018\/12\/swiss-entsorgung-sprator-2-1.png\" alt class=\"img-responsive wp-image-12243\" srcset=\"https:\/\/entsorgung.swissrenovation.gmbh\/wp-content\/uploads\/2018\/12\/swiss-entsorgung-sprator-2-1-200x2.png 200w, https:\/\/entsorgung.swissrenovation.gmbh\/wp-content\/uploads\/2018\/12\/swiss-entsorgung-sprator-2-1-400x4.png 400w, https:\/\/entsorgung.swissrenovation.gmbh\/wp-content\/uploads\/2018\/12\/swiss-entsorgung-sprator-2-1-600x7.png 600w, https:\/\/entsorgung.swissrenovation.gmbh\/wp-content\/uploads\/2018\/12\/swiss-entsorgung-sprator-2-1-800x9.png 800w, https:\/\/entsorgung.swissrenovation.gmbh\/wp-content\/uploads\/2018\/12\/swiss-entsorgung-sprator-2-1.png 1200w\" sizes=\"(max-width: 800px) 100vw, 1200px\" \/><\/span><\/div><\/div><div class=\"fusion-clearfix\"><\/div><\/div><\/div><div class=\"fusion-layout-column fusion_builder_column fusion-builder-column-3 fusion_builder_column_1_1 1_1 fusion-one-full fusion-column-first fusion-column-last\" style=\"--awb-padding-top:25px;--awb-padding-right:25px;--awb-padding-bottom:25px;--awb-padding-left:25px;--awb-bg-color:rgba(242,242,242,0.4);--awb-bg-color-hover:rgba(242,242,242,0.4);--awb-bg-size:cover;\"><div class=\"fusion-column-wrapper fusion-flex-column-wrapper-legacy\"><div class=\"fusion-text fusion-text-2\"><p><img decoding=\"async\" class=\"alignnone size-full wp-image-12251 alignleft\" src=\"https:\/\/entsorgung.swissrenovation.gmbh\/wp-content\/uploads\/2018\/12\/Reinigung-woman-cleaning-300-1.jpg\" alt=\"\" width=\"300\" height=\"300\" srcset=\"https:\/\/entsorgung.swissrenovation.gmbh\/wp-content\/uploads\/2018\/12\/Reinigung-woman-cleaning-300-1-66x66.jpg 66w, https:\/\/entsorgung.swissrenovation.gmbh\/wp-content\/uploads\/2018\/12\/Reinigung-woman-cleaning-300-1-150x150.jpg 150w, https:\/\/entsorgung.swissrenovation.gmbh\/wp-content\/uploads\/2018\/12\/Reinigung-woman-cleaning-300-1-200x200.jpg 200w, https:\/\/entsorgung.swissrenovation.gmbh\/wp-content\/uploads\/2018\/12\/Reinigung-woman-cleaning-300-1.jpg 300w\" sizes=\"(max-width: 300px) 100vw, 300px\" \/><\/p>\n<h1><strong>Wohnungsr\u00e4umung<\/strong><\/h1>\n<p>Wir r\u00e4umen nach Ihrem Wunsch f\u00fcr Sie.<\/p>\n<p>Haben Sie die Wohnungsr\u00e4umung gut geplant? Sind alle Ihre pers\u00f6nlichen Gegenst\u00e4nde weg und wissen genau was entsorgt werden muss? \u00dcberlassen Sie den Rest uns.<\/p>\n<p style=\"text-align: left;\"><div class=\"fusion-alignright\"><a class=\"fusion-button button-flat fusion-button-default-size button-default fusion-button-default button-1 fusion-button-default-span fusion-button-default-type\" target=\"_self\"><span class=\"fusion-button-text\">Offerte <\/span><\/a><\/div><\/p>\n<\/div><div class=\"fusion-clearfix\"><\/div><\/div><\/div><div class=\"fusion-layout-column fusion_builder_column fusion-builder-column-4 fusion_builder_column_1_1 1_1 fusion-one-full fusion-column-first fusion-column-last\" style=\"--awb-padding-top:10px;--awb-padding-bottom:10px;--awb-bg-size:cover;--awb-margin-top:15px;--awb-margin-bottom:15px;\"><div class=\"fusion-column-wrapper fusion-flex-column-wrapper-legacy\"><div class=\"fusion-image-element fusion-image-align-center in-legacy-container\" style=\"text-align:center;--awb-caption-title-font-family:var(--h2_typography-font-family);--awb-caption-title-font-weight:var(--h2_typography-font-weight);--awb-caption-title-font-style:var(--h2_typography-font-style);--awb-caption-title-size:var(--h2_typography-font-size);--awb-caption-title-transform:var(--h2_typography-text-transform);--awb-caption-title-line-height:var(--h2_typography-line-height);--awb-caption-title-letter-spacing:var(--h2_typography-letter-spacing);\"><div class=\"imageframe-align-center\"><span class=\" fusion-imageframe imageframe-none imageframe-3 hover-type-none\"><img decoding=\"async\" width=\"1200\" height=\"13\" title=\"swiss-entsorgung-sprator\" src=\"https:\/\/entsorgung.swissrenovation.gmbh\/wp-content\/uploads\/2018\/12\/swiss-entsorgung-sprator-2-1.png\" alt class=\"img-responsive wp-image-12243\" srcset=\"https:\/\/entsorgung.swissrenovation.gmbh\/wp-content\/uploads\/2018\/12\/swiss-entsorgung-sprator-2-1-200x2.png 200w, https:\/\/entsorgung.swissrenovation.gmbh\/wp-content\/uploads\/2018\/12\/swiss-entsorgung-sprator-2-1-400x4.png 400w, https:\/\/entsorgung.swissrenovation.gmbh\/wp-content\/uploads\/2018\/12\/swiss-entsorgung-sprator-2-1-600x7.png 600w, https:\/\/entsorgung.swissrenovation.gmbh\/wp-content\/uploads\/2018\/12\/swiss-entsorgung-sprator-2-1-800x9.png 800w, https:\/\/entsorgung.swissrenovation.gmbh\/wp-content\/uploads\/2018\/12\/swiss-entsorgung-sprator-2-1.png 1200w\" sizes=\"(max-width: 800px) 100vw, 1200px\" \/><\/span><\/div><\/div><div class=\"fusion-clearfix\"><\/div><\/div><\/div><div class=\"fusion-layout-column fusion_builder_column fusion-builder-column-5 fusion_builder_column_1_1 1_1 fusion-one-full fusion-column-first fusion-column-last\" style=\"--awb-padding-top:25px;--awb-padding-right:25px;--awb-padding-bottom:25px;--awb-padding-left:25px;--awb-bg-color:rgba(242,242,242,0.4);--awb-bg-color-hover:rgba(242,242,242,0.4);--awb-bg-size:cover;\"><div class=\"fusion-column-wrapper fusion-flex-column-wrapper-legacy\"><div class=\"fusion-text fusion-text-3\"><p><img decoding=\"async\" class=\"size-full wp-image-12249 alignright\" src=\"https:\/\/entsorgung.swissrenovation.gmbh\/wp-content\/uploads\/2018\/12\/cleaning-lady-dusting-table300-1.jpg\" alt=\"\" width=\"300\" height=\"300\" srcset=\"https:\/\/entsorgung.swissrenovation.gmbh\/wp-content\/uploads\/2018\/12\/cleaning-lady-dusting-table300-1-66x66.jpg 66w, https:\/\/entsorgung.swissrenovation.gmbh\/wp-content\/uploads\/2018\/12\/cleaning-lady-dusting-table300-1-150x150.jpg 150w, https:\/\/entsorgung.swissrenovation.gmbh\/wp-content\/uploads\/2018\/12\/cleaning-lady-dusting-table300-1-200x200.jpg 200w, https:\/\/entsorgung.swissrenovation.gmbh\/wp-content\/uploads\/2018\/12\/cleaning-lady-dusting-table300-1.jpg 300w\" sizes=\"(max-width: 300px) 100vw, 300px\" \/><\/p>\n<h1><strong>Gesch\u00e4ftsr\u00e4umung<\/strong><\/h1>\n<p>Gesch\u00e4fts- &amp; Firmenr\u00e4umung \u2013 schnell, sauber &amp; preiswert.<\/p>\n<p>Unser Team erledigt f\u00fcr Sie s\u00e4mtliche R\u00e4umungsarbeiten Ihrer Firmen- &amp; Gesch\u00e4ftsr\u00e4ume \u2013 auch an Wochenenden!<\/p>\n<div class=\"fusion-button-wrapper\"><a class=\"fusion-button button-flat fusion-button-default-size button-default fusion-button-default button-2 fusion-button-default-span fusion-button-default-type\" target=\"_self\"><span class=\"fusion-button-text\">Offerte <\/span><\/a><\/div>\n<\/div><div class=\"fusion-clearfix\"><\/div><\/div><\/div><div class=\"fusion-layout-column fusion_builder_column fusion-builder-column-6 fusion_builder_column_1_1 1_1 fusion-one-full fusion-column-first fusion-column-last\" style=\"--awb-padding-top:10px;--awb-padding-bottom:10px;--awb-bg-size:cover;--awb-margin-top:15px;--awb-margin-bottom:15px;\"><div class=\"fusion-column-wrapper fusion-flex-column-wrapper-legacy\"><div class=\"fusion-image-element fusion-image-align-center in-legacy-container\" style=\"text-align:center;--awb-caption-title-font-family:var(--h2_typography-font-family);--awb-caption-title-font-weight:var(--h2_typography-font-weight);--awb-caption-title-font-style:var(--h2_typography-font-style);--awb-caption-title-size:var(--h2_typography-font-size);--awb-caption-title-transform:var(--h2_typography-text-transform);--awb-caption-title-line-height:var(--h2_typography-line-height);--awb-caption-title-letter-spacing:var(--h2_typography-letter-spacing);\"><div class=\"imageframe-align-center\"><span class=\" fusion-imageframe imageframe-none imageframe-4 hover-type-none\"><img decoding=\"async\" width=\"1200\" height=\"13\" title=\"swiss-entsorgung-sprator\" src=\"https:\/\/entsorgung.swissrenovation.gmbh\/wp-content\/uploads\/2018\/12\/swiss-entsorgung-sprator-2-1.png\" alt class=\"img-responsive wp-image-12243\" srcset=\"https:\/\/entsorgung.swissrenovation.gmbh\/wp-content\/uploads\/2018\/12\/swiss-entsorgung-sprator-2-1-200x2.png 200w, https:\/\/entsorgung.swissrenovation.gmbh\/wp-content\/uploads\/2018\/12\/swiss-entsorgung-sprator-2-1-400x4.png 400w, https:\/\/entsorgung.swissrenovation.gmbh\/wp-content\/uploads\/2018\/12\/swiss-entsorgung-sprator-2-1-600x7.png 600w, https:\/\/entsorgung.swissrenovation.gmbh\/wp-content\/uploads\/2018\/12\/swiss-entsorgung-sprator-2-1-800x9.png 800w, https:\/\/entsorgung.swissrenovation.gmbh\/wp-content\/uploads\/2018\/12\/swiss-entsorgung-sprator-2-1.png 1200w\" sizes=\"(max-width: 800px) 100vw, 1200px\" \/><\/span><\/div><\/div><div class=\"fusion-clearfix\"><\/div><\/div><\/div><div class=\"fusion-layout-column fusion_builder_column fusion-builder-column-7 fusion_builder_column_1_1 1_1 fusion-one-full fusion-column-first fusion-column-last\" style=\"--awb-padding-top:25px;--awb-padding-right:25px;--awb-padding-bottom:25px;--awb-padding-left:25px;--awb-bg-color:rgba(242,242,242,0.4);--awb-bg-color-hover:rgba(242,242,242,0.4);--awb-bg-size:cover;\"><div class=\"fusion-column-wrapper fusion-flex-column-wrapper-legacy\"><div class=\"fusion-builder-row fusion-builder-row-inner fusion-row\"><div class=\"fusion-layout-column fusion_builder_column_inner fusion-builder-nested-column-0 fusion_builder_column_inner_1_3 1_3 fusion-one-third fusion-column-first\" style=\"--awb-bg-size:cover;width:33.333333333333%;width:calc(33.333333333333% - ( ( 4% ) * 0.33333333333333 ) );margin-right: 4%;\"><div class=\"fusion-column-wrapper fusion-flex-column-wrapper-legacy\"><div class=\"fusion-image-element in-legacy-container\" style=\"--awb-caption-title-font-family:var(--h2_typography-font-family);--awb-caption-title-font-weight:var(--h2_typography-font-weight);--awb-caption-title-font-style:var(--h2_typography-font-style);--awb-caption-title-size:var(--h2_typography-font-size);--awb-caption-title-transform:var(--h2_typography-text-transform);--awb-caption-title-line-height:var(--h2_typography-line-height);--awb-caption-title-letter-spacing:var(--h2_typography-letter-spacing);\"><span class=\" fusion-imageframe imageframe-none imageframe-5 hover-type-none\"><img decoding=\"async\" width=\"315\" height=\"315\" title=\"dump-used-car-tires\" src=\"https:\/\/entsorgung.swissrenovation.gmbh\/wp-content\/uploads\/2018\/12\/dump-used-car-tires-1.jpg\" alt class=\"img-responsive wp-image-12247\" srcset=\"https:\/\/entsorgung.swissrenovation.gmbh\/wp-content\/uploads\/2018\/12\/dump-used-car-tires-1-200x200.jpg 200w, https:\/\/entsorgung.swissrenovation.gmbh\/wp-content\/uploads\/2018\/12\/dump-used-car-tires-1.jpg 315w\" sizes=\"(max-width: 800px) 100vw, 315px\" \/><\/span><\/div><div class=\"fusion-clearfix\"><\/div><\/div><\/div><div class=\"fusion-layout-column fusion_builder_column_inner fusion-builder-nested-column-1 fusion_builder_column_inner_2_3 2_3 fusion-two-third fusion-column-last\" style=\"--awb-bg-size:cover;width:66.666666666667%;width:calc(66.666666666667% - ( ( 4% ) * 0.66666666666667 ) );\"><div class=\"fusion-column-wrapper fusion-flex-column-wrapper-legacy\"><div class=\"fusion-title title fusion-title-1 fusion-title-text fusion-title-size-one\"><h1 class=\"fusion-title-heading title-heading-left fusion-responsive-typography-calculated\" style=\"margin:0;--fontSize:33;line-height:1.45;\"><h1><strong>Wir entsorgen Ihre Altreifen<\/strong><\/h1><\/h1><span class=\"awb-title-spacer\"><\/span><div class=\"title-sep-container\"><div class=\"title-sep sep- sep-solid\" style=\"border-color:#e0dede;\"><\/div><\/div><\/div><ul style=\"--awb-line-height:23.8px;--awb-icon-width:23.8px;--awb-icon-height:23.8px;--awb-icon-margin:9.8px;--awb-content-margin:33.6px;--awb-circlecolor:#a0ce4e;--awb-circle-yes-font-size:12.32px;\" class=\"fusion-checklist fusion-checklist-1 fusion-checklist-default fusion-checklist-divider type-icons\"><li class=\"fusion-li-item\" style=\"\"><span class=\"icon-wrapper circle-yes\"><i class=\"fusion-li-icon awb-icon-check\" aria-hidden=\"true\"><\/i><\/span><div class=\"fusion-li-item-content\">\n<p>Abholung in der ganzen Schweiz ab 50 St\u00fcck<\/p>\n<\/div><\/li><li class=\"fusion-li-item\" style=\"\"><span class=\"icon-wrapper circle-yes\"><i class=\"fusion-li-icon awb-icon-check\" aria-hidden=\"true\"><\/i><\/span><div class=\"fusion-li-item-content\">\n<div class=\"fusion-li-item-content\">\n<p data-fontsize=\"17\" data-lineheight=\"23\">Ab 20 St\u00fcck Altreifen keine Transportkosten<\/p>\n<\/div>\n<\/div><\/li><li class=\"fusion-li-item\" style=\"\"><span class=\"icon-wrapper circle-yes\"><i class=\"fusion-li-icon awb-icon-check\" aria-hidden=\"true\"><\/i><\/span><div class=\"fusion-li-item-content\">\n<p data-fontsize=\"18\" data-lineheight=\"27\">Fachgerechte Entsorgung oder Weiterverwendung im Ausland<\/p>\n<\/div><\/li><li class=\"fusion-li-item\" style=\"\"><span class=\"icon-wrapper circle-yes\"><i class=\"fusion-li-icon awb-icon-check\" aria-hidden=\"true\"><\/i><\/span><div class=\"fusion-li-item-content\">\n<p data-fontsize=\"18\" data-lineheight=\"27\">Altreifen einfach online melden<\/p>\n<\/div><\/li><\/ul><div class=\"fusion-sep-clear\"><\/div><div class=\"fusion-separator fusion-full-width-sep\" style=\"margin-left: auto;margin-right: auto;margin-top:20px;width:100%;\"><\/div><div class=\"fusion-sep-clear\"><\/div><div class=\"fusion-alignright\"><a class=\"fusion-button button-flat fusion-button-default-size button-default fusion-button-default button-3 fusion-button-default-span fusion-button-default-type\" target=\"_self\"><span class=\"fusion-button-text\">Offerte <\/span><\/a><\/div><div class=\"fusion-clearfix\"><\/div><\/div><\/div><\/div><div class=\"fusion-text fusion-text-4\"><h3><img decoding=\"async\" class=\"size-full wp-image-12248 alignright\" src=\"https:\/\/entsorgung.swissrenovation.gmbh\/wp-content\/uploads\/2018\/12\/dump-used-car-tires-2-1.jpg\" alt=\"\" width=\"327\" height=\"500\" srcset=\"https:\/\/entsorgung.swissrenovation.gmbh\/wp-content\/uploads\/2018\/12\/dump-used-car-tires-2-1-196x300.jpg 196w, https:\/\/entsorgung.swissrenovation.gmbh\/wp-content\/uploads\/2018\/12\/dump-used-car-tires-2-1-200x306.jpg 200w, https:\/\/entsorgung.swissrenovation.gmbh\/wp-content\/uploads\/2018\/12\/dump-used-car-tires-2-1.jpg 327w\" sizes=\"(max-width: 327px) 100vw, 327px\" \/><br \/>\nUm bei uns Altreifen entsorgen zu k\u00f6nnen, reicht es, wenn Sie \u00fcber den untenstehenden Link das Formular ausf\u00fcllen und uns so mitteilen, wann und wo wir Ihre Altreifen abholen d\u00fcrfen.<br \/>\nSwiss Entsorgung sortiert die Altreifen und \u00fcbergibt sie ihren Entsorgungspartnern, welche mit Zertifizierungen umweltgerechte Entsorgungen und Recycling-Produkte garantieren oder weiter im Ausland verkauft werden. Unter einer umweltgerechte Entsorgung verstehen wir:<\/h3>\n<h3>Reifen m\u00fcssen m\u00f6glichst nicht thermisch verwertet werden.<\/h3>\n<h3>Ein Reifen besteht aus 68,5% Gummi, 16,5% Stahl, 9,5% Reststoffe und 5,5% Textilien. Aus der Zusammensetzung.<br \/>\nDie Reifen, k\u00f6nnen z.B. mit Granulierungsprozesse, Altreifen in Ihre urspr\u00fcnglichen Bestandteile zerlegt und in den Wirtschaftskreislauf wieder eingebunden werden. Gummigranulat findet seine Wiederverwertung im Unterbau f\u00fcr Kunstrasen, Unterlagenteppich, Schalld\u00e4mmungen, Armaturenbretter, Schuhsolen, Schutzanstriche etc.<\/h3>\n<h3>Nach erfolgter Zahlung werden die Reifen durch Swiss Entsorgung innerhalb von 48 Stunden in folgende Kantone versendet und abgeholt:<\/h3>\n<h3>ZH, AG, ZG, SZ, SH, TG, SG, AR\/AI, LI, UR, LU, BE, SO, BL\/BS<\/h3>\n<\/div><div class=\"fusion-clearfix\"><\/div><\/div><\/div><\/div><\/div><\/p>\n","protected":false},"excerpt":{"rendered":"","protected":false},"author":1,"featured_media":0,"parent":0,"menu_order":0,"comment_status":"closed","ping_status":"closed","template":"","meta":{"footnotes":""},"class_list":["post-11814","page","type-page","status-publish","hentry"],"_links":{"self":[{"href":"https:\/\/entsorgung.swissrenovation.gmbh\/index.php?rest_route=\/wp\/v2\/pages\/11814","targetHints":{"allow":["GET"]}}],"collection":[{"href":"https:\/\/entsorgung.swissrenovation.gmbh\/index.php?rest_route=\/wp\/v2\/pages"}],"about":[{"href":"https:\/\/entsorgung.swissrenovation.gmbh\/index.php?rest_route=\/wp\/v2\/types\/page"}],"author":[{"embeddable":true,"href":"https:\/\/entsorgung.swissrenovation.gmbh\/index.php?rest_route=\/wp\/v2\/users\/1"}],"replies":[{"embeddable":true,"href":"https:\/\/entsorgung.swissrenovation.gmbh\/index.php?rest_route=%2Fwp%2Fv2%2Fcomments&post=11814"}],"version-history":[{"count":3,"href":"https:\/\/entsorgung.swissrenovation.gmbh\/index.php?rest_route=\/wp\/v2\/pages\/11814\/revisions"}],"predecessor-version":[{"id":12542,"href":"https:\/\/entsorgung.swissrenovation.gmbh\/index.php?rest_route=\/wp\/v2\/pages\/11814\/revisions\/12542"}],"wp:attachment":[{"href":"https:\/\/entsorgung.swissrenovation.gmbh\/index.php?rest_route=%2Fwp%2Fv2%2Fmedia&parent=11814"}],"curies":[{"name":"wp","href":"https:\/\/api.w.org\/{rel}","templated":true}]}}